 + 291. Suppose 0 = -l*y + 2*y + 1200. What are the prime factors of y?
2, 3, 5
List the prime factors of (-945)/(-7245) + 239703/23.
2, 3, 193
Let p be 2/((-7)/28*8/(-390)). Let d = 22 + p. What are the prime factors of d?
2, 103
Let k(l) be the third derivative of l**6/20 - l**3/6 + 2*l**2. Let f be k(2). Suppose b = f - 8. What are the prime factors of b?
3, 13
Let f(p) be the third derivative of 67*p**4/24 + 115*p**3/6 - 140*p**2. What are the prime factors of f(6)?
11, 47
Suppose -3*c + 4*w + 55725 = 10775, 2*w + 8 = 0. List the prime factors of c.
2, 7489
Let w(n) be the third derivative of -n**4/3 - n**3/2 + 7*n**2. Let g be w(3). What are the prime factors of g/12*-4 - (0 + 3)?
2, 3
Suppose 4*a - 897 - 651 = 0. Suppose i + 6*c - 3*c - a = 0, 4*i = -2*c + 1528. List the prime factors of i.
3, 127
What are the prime factors of 36/(-24) - (1 - 13603/2)?
13, 523
Suppose -2*o + 10*o = 48*o - 65560. What are the prime factors of o?
11, 149
Let u = -38943 - -55865. List the prime factors of u.
2, 8461
Let d be 4 - 96/(4/(-2)). Let m be d/9 + 4/18. List the prime factors of (-8)/m*39/(4 + -5).
2, 13
Let p be (3 - -12 - 1)*17. Suppose -2*q + q + b = -226, -q + p = 2*b. List the prime factors of q.
2, 5, 23
Suppose -2*u - 168 = -x - 23636, -5*x = 10. List the prime factors of u.
3, 3911
Suppose 15 = 16*t + 63. What are the prime factors of (-2)/(-4)*t*3170/(-15)?
317
Let o be (3 - 0) + (-642)/3. Let f = o + 589. Suppose 0 = 10*t - 4*t - f. List the prime factors of t.
3, 7
Suppose 5*m + 25 = 0, n - 360 = -0*m - m. Let u = n + -85. List the prime factors of u.
2, 5, 7
Suppose -5*k - 4*t = -80, -2*t = 4*k - 88 + 18. Suppose s - 9156 = -k*s. List the prime factors of s.
2, 109
Let z = -389 - -394. Suppose 2*b + z*l - 176 = 2*l, -2*b = -4*l - 162. What are the prime factors of b?
5, 17
Suppose 261350 + 533575 = 45*p. What are the prime factors of p?
5, 3533
Let t(o) = 17*o**2 + 8*o - 3. Let z be (-35)/((-3640)/608) + (-2)/(-13). What are the prime factors of t(z)?
3, 73
Let l(c) = 26*c**2 + 1. Let g(m) = -27*m**2 - m - 1. Let h(u) = -3*g(u) - 2*l(u). What are the prime factors of h(3)?
271
Let f be 1/2 + 22/4. Let z be 187/44 + f/8. Suppose 4*c - 191 = -2*g + 29, z*c = -g + 125. List the prime factors of g.
2, 5
Let z = -2503 - -1758. What are the prime factors of (-2)/(10/z) + -2?
3, 7
Let p(c) = 7*c + 3*c**2 + 3*c**2 - 17*c + 7*c**2 + 88 - 14*c. List the prime factors of p(7).
557
Let f(q) = 80*q**2. Let w(o) = o**3 + o**2 - o - 43. Let u be w(0). Let d = u - -44. List the prime factors of f(d).
2, 5
Suppose 70*n - 233561 - 300077 = 359912. What are the prime factors of n?
3, 5, 23, 37
Let h = 41 - 39. Suppose 0 = 13*k - h*k + 2552. Let q = 441 + k. List the prime factors of q.
11, 19
Suppose 4*m - 151 = 129. What are the prime factors of (-14436)/(-38) + m/665?
2, 5, 19
Let h(b) = 44*b**3 + 2*b**2 - 49*b + 269. List the prime factors of h(7).
2, 3779
Let r = -16914 + 27344. What are the prime factors of r?
2, 5, 7, 149
Let q be 89/2*(9 + -3)*1. Let m = q + -55. Let f = -145 + m. What are the prime factors of f?
67
Suppose 0 = 4*t - 3*p - 82504 + 3431, -4*p + 39564 = 2*t. What are the prime factors of t?
2, 4943
Suppose -y + 988 = -1624. Let n = y - 1731. What are the prime factors of n?
881
Suppose -2*d = -3*j + 16, 4*j = 6*j + d - 6. Suppose -4*v + j*h + 48 = -20, -2*v + 32 = -3*h. What are the prime factors of v?
19
Suppose -4583 = 38*w - 34223. Let m = 1537 - w. What are the prime factors of m?
757
Suppose 21*c + 49320 = 117*c - 51*c. List the prime factors of c.
2, 137
Let g(p) = -p**3 + 19*p**2 + 6*p + 135. List the prime factors of g(-18).
3, 5, 89
Let s(m) be the first derivative of -m**3/3 + 7*m**2 + 4*m - 11. Let k be s(14). Suppose -2*t - t + 165 = 5*o, k*t - 5*o = 185. List the prime factors of t.
2, 5
Let l(n) = n + 17. Let p(o) = -o + 1. Let w(r) = l(r) - 4*p(r). Suppose 5047*h = 5036*h + 77. List the prime factors of w(h).
2, 3
Let m = 15038 + -8254. What are the prime factors of m?
2, 53
Suppose 46*m - 80 = 42*m. Suppose m*o - 1342 = -4*x + 25*o, -5*x + 3*o + 1671 = 0. List the prime factors of x.
3, 37
Let m = 3 + -3. Let b be (10 - 0)/((-1 + m)*-2). Suppose -b*x = 3*v - 87, 73 = 4*x + 2*v - 3*v. What are the prime factors of x?
2, 3
Let m = -23 + 23. Suppose m = l - 5*x + 12 - 35, 3*l + 4*x + 7 = 0. Suppose -2*p + 21 - l = -4*u, -55 = -3*p - u. List the prime factors of p.
17
Suppose -1036312 - 1582811 + 494003 = -40*s. What are the prime factors of s?
2, 29, 229
Let x(b) = 3*b**3 + 5*b**2 + 15*b + 7. Let u be x(-6). Let i = u + 209. Let k = i - -524. List the prime factors of k.
2, 7, 13
Let h be -3*2/(-18)*(0 - 9). Let k = h - -44. Suppose -351 = -5*l - k. What are the prime factors of l?
2, 31
Let x(j) = -j**2 + 16*j + 1. Let d be x(16). Let y be ((-3)/(-9))/((-1)/21*d). What are the prime factors of (7 + y + 2)*46?
2, 23
Let s(g) = -27*g**2 + 4*g + 21074. List the prime factors of s(0).
2, 41, 257
Let d(o) = 6271*o + 9 + 0 - 6255*o. Let f(v) = v**3 + v**2 + 7. Let s be f(0). List the prime factors of d(s).
11
Let i = -69 - -73. Suppose -a - 4*t + 24 = 0, 0*a + t = a - i. Suppose 0 = -a*h + h + 147. List the prime factors of h.
3, 7
Suppose 5*b - 22980 + 1415 = -5*o, 0 = 2*o - 3*b - 8616. List the prime factors of o.
3, 479
What are the prime factors of 6*4*(-17500)/(-42) - 3?
13, 769
Suppose -y = 4, -y + 0*y - 1169 = -d. Suppose -2*z = 2*r - d + 317, 0 = -3*r + 5*z + 1296. List the prime factors of r.
7, 61
List the prime factors of 1*23257 - (8/34)/(70/595).
5, 4651
Suppose -76*i = -82*i - 7734. Let v = -567 - i. What are the prime factors of v?
2, 19
Let w be (((-2191)/(-28))/((-1)/4))/1. Let t = 1161 - w. List the prime factors of t.
2, 11, 67
Let v be 7980 - -3*(-16)/(-12). Suppose 21*b = 37*b - v. List the prime factors of b.
499
Let a(b) = -2*b**3 - 15*b**2 - 15*b - 3. Let j be a(-9). Suppose 8*u - 1833 - j = 0. List the prime factors of u.
2, 3, 23
Suppose -49*i = 52*i - 3027980. What are the prime factors of i?
2, 5, 1499
Let g = -84 - -84. Suppose 6*p + 7 = 25. Suppose -3*m + p*i = -144, 2*m + m + 2*i - 159 = g. List the prime factors of m.
3, 17
Let k(s) = 23*s**2 + 66*s + 603. What are the prime factors of k(-15)?
2, 3, 7, 19
Suppose o + 4*f + 1000 = 0, o - 4*f + 897 = -119. Let c = o - -1832. List the prime factors of c.
2, 103
Let s = -28 + -54. Let l = 76 + s. Let k(q) = -3*q**2 - 20*q + 5. List the prime factors of k(l).
17
Suppose -130*y + 66*y = -63*y - 21865. List the prime factors of y.
5, 4373
Suppose -1538 = -102*q + 100*q. Let y = 1269 - q. What are the prime factors of y?
2, 5
Let y(m) = 26846*m - 1976. List the prime factors of y(2).
2, 7, 1847
Let c(f) = f**2 + 1. Let i be c(2). Suppose -4*r = 3*m - 2*r + 64, -i = r. What are the prime factors of 62 + 1/(-6) + (-3)/m?
2, 31
Suppose 35*o - 27*o + 8 = 0. List the prime factors of 7/(49/1876) + (-1)/o.
269
Let j be 186147/52 + ((-11)/4 - -3). Let r = 5048 - j. What are the prime factors of r?
2, 367
Let d(k) = -2*k**3 + k**2 - 7*k + 3. Let i be d(0). Suppose 0 = -4*r + 20, i*c + 0*r - r = 2098. List the prime factors of c.
701
Let v = 42 + -43. Let d be 4/(v + -1) - 1 - -19. Suppose 0 = -d*u + 12*u + 532. List the prime factors of u.
7, 19
Let i(a) = 54 - 104 + 9*a + 52. Let r be i(-1). Let f(m) = 4*m**2 - m + 20. What are the prime factors of f(r)?
223
Let c(x) be the third derivative of -x**6/40 + x**4/8 - 3*x**3/2 + 192*x**2. List the prime factors of c(-6).
3, 23
Let t(m) = -103*m**2 - 10*m - 21. Let y be t(-3). Let o = -323 - y. List the prime factors of o.
5, 7, 17
Suppose 4*r - 5*h - 529 = 0, -2*h + 5*h = -3*r + 390. Suppose 59 = z - 2*i, -r - 132 = -5*z + 2*i. What are the prime factors of z?
3, 17
Suppose 92*z - 93*z + 5 = 0, -z - 489505 = -9*f. What are the prime factors of f?
2, 3, 5, 7, 37
Let q(k) = -781*k + 1521. List the prime factors of q(-7).
2, 1747
Let u = -9310 - -10285. List the prime factors of u.
3, 5, 13
Let v = 45929 - 11948. List the prime factors of v.
3, 47, 241
Let y(r) = -5*r - 21. Let c be (0 - 3)/6*(-7 - -3). Suppose 5*d = -3*p - 22 - 9, -3*d + c*p - 11 = 0. What are the prime factors of y(d)?
2
Suppose -5*m + 4 = -1, 5*l = 3*m + 14397. What are the prime factors of l?
2, 3, 5
Let x(k) = -k**3 - 5*k**2 + 5*k - 5. Supp